{"id":457,"date":"2021-08-20T18:26:32","date_gmt":"2021-08-20T21:26:32","guid":{"rendered":"http:\/\/prevconsul.com.br\/?page_id=457"},"modified":"2021-08-20T18:26:33","modified_gmt":"2021-08-20T21:26:33","slug":"aposentadoria-especial","status":"publish","type":"page","link":"https:\/\/prevconsul.com.br\/index.php\/aposentadoria-especial\/","title":{"rendered":"Aposentadoria Especial"},"content":{"rendered":"\n<p>Este \u00e9 um benef\u00edcio concedido aos colaboradores que exercem suas fun\u00e7\u00f5es laborais expostos a agentes nocivos que podem causar qualquer dano \u00e0 sa\u00fade ou integridade f\u00edsica ao longo do tempo de servi\u00e7o.<\/p>\n<!-- AddThis Advanced Settings generic via filter on the_content --><!-- AddThis Share Buttons generic via filter on the_content -->","protected":false},"excerpt":{"rendered":"<p>Este \u00e9 um benef\u00edcio concedido aos colaboradores que exercem suas fun\u00e7\u00f5es laborais expostos a agentes nocivos que podem causar qualquer dano \u00e0 sa\u00fade ou integridade f\u00edsica ao longo do tempo de servi\u00e7o.<!-- AddThis Advanced Settings generic via filter on get_the_excerpt --><!-- AddThis Share Buttons generic via filter on get_the_excerpt --><\/p>\n","protected":false},"author":1,"featured_media":0,"parent":0,"menu_order":0,"comment_status":"closed","ping_status":"closed","template":"","meta":{"om_disable_all_campaigns":false,"_monsterinsights_skip_tracking":false,"_monsterinsights_sitenote_active":false,"_monsterinsights_sitenote_note":"","_monsterinsights_sitenote_category":0},"_links":{"self":[{"href":"https:\/\/prevconsul.com.br\/index.php\/wp-json\/wp\/v2\/pages\/457"}],"collection":[{"href":"https:\/\/prevconsul.com.br\/index.php\/wp-json\/wp\/v2\/pages"}],"about":[{"href":"https:\/\/prevconsul.com.br\/index.php\/wp-json\/wp\/v2\/types\/page"}],"author":[{"embeddable":true,"href":"https:\/\/prevconsul.com.br\/index.php\/wp-json\/wp\/v2\/users\/1"}],"replies":[{"embeddable":true,"href":"https:\/\/prevconsul.com.br\/index.php\/wp-json\/wp\/v2\/comments?post=457"}],"version-history":[{"count":1,"href":"https:\/\/prevconsul.com.br\/index.php\/wp-json\/wp\/v2\/pages\/457\/revisions"}],"predecessor-version":[{"id":458,"href":"https:\/\/prevconsul.com.br\/index.php\/wp-json\/wp\/v2\/pages\/457\/revisions\/458"}],"wp:attachment":[{"href":"https:\/\/prevconsul.com.br\/index.php\/wp-json\/wp\/v2\/media?parent=457"}],"curies":[{"name":"wp","href":"https:\/\/api.w.org\/{rel}","templated":true}]}}